 65027687
List the prime factors of 185506089.
3, 59, 353, 2969
What are the prime factors of 2686660680?
2, 3, 5, 11, 2035349
What are the prime factors of 3171152910?
2, 3, 5, 105705097
List the prime factors of 297395221.
23, 2293, 5639
List the prime factors of 399473504.
2, 449, 27803
What are the prime factors of 5129220128?
2, 160288129
List the prime factors of 1219587471.
3, 135509719
What are the prime factors of 25976351?
25976351
List the prime factors of 848491868.
2, 7, 233, 130057
List the prime factors of 101718626.
2, 31, 1640623
What are the prime factors of 28611406?
2, 14305703
What are the prime factors of 102453408?
2, 3, 23, 15467
List the prime factors of 914152866.
2, 3, 11, 17, 73, 11161
List the prime factors of 391980667.
13, 30152359
What are the prime factors of 164740011?
3, 54913337
List the prime factors of 367699840.
2, 5, 97, 5923
What are the prime factors of 129205740?
2, 3, 5, 2153429
What are the prime factors of 28943872?
2, 56531
What are the prime factors of 960466115?
5, 7, 27441889
List the prime factors of 1050267693.
3, 19, 31, 594379
What are the prime factors of 589425159?
3, 971, 202343
List the prime factors of 150102221.
150102221
List the prime factors of 183441466.
2, 13, 19, 371339
List the prime factors of 46881707.
46881707
What are the prime factors of 339650071?
339650071
What are the prime factors of 41219691?
3, 13739897
List the prime factors of 3980526915.
3, 5, 265368461
List the prime factors of 1709682605.
5, 17, 19, 1058627
What are the prime factors of 24646563?
3, 2738507
List the prime factors of 23895023.
23895023
What are the prime factors of 3757351653?
3, 11, 43, 80239
What are the prime factors of 21241386?
2, 3, 31, 12689
List the prime factors of 173887932.
2, 3, 14490661
List the prime factors of 1690938448.
2, 719, 146987
List the prime factors of 11719012.
2, 2929753
What are the prime factors of 200845220?
2, 5, 827, 12143
What are the prime factors of 30751175?
5, 7, 13, 1931
List the prime factors of 365907441.
3, 109, 367, 3049
List the prime factors of 2070248493.
3, 19, 163, 222823
List the prime factors of 2881301877.
3, 61, 5248273
What are the prime factors of 79215560?
2, 5, 19, 104231
List the prime factors of 407570808.
2, 3, 1109, 15313
What are the prime factors of 1229569172?
2, 13, 41, 576721
List the prime factors of 989173759.
7, 141310537
List the prime factors of 646852744.
2, 397, 203669
What are the prime factors of 159492967?
5101, 31267
What are the prime factors of 12218770?
2, 5, 751, 1627
List the prime factors of 58909713.
3, 61, 321911
List the prime factors of 21475320.
2, 3, 5, 19, 9419
What are the prime factors of 1277670130?
2, 5, 11, 367, 31649
What are the prime factors of 137194350?
2, 3, 5, 914629
List the prime factors of 1246263100.
2, 5, 281, 44351
List the prime factors of 657662378.
2, 4643, 70823
List the prime factors of 261412239.
3, 11, 929, 8527
List the prime factors of 6148986534.
2, 3, 149, 269, 947
What are the prime factors of 318191699?
7, 883, 51479
What are the prime factors of 5659139137?
89, 63585833
List the prime factors of 82929989.
101, 821089
List the prime factors of 31667236.
2, 7916809
List the prime factors of 3440371316.
2, 79, 151, 72101
List the prime factors of 569768996.
2, 251, 567499
List the prime factors of 318738789.
3, 1823, 19427
List the prime factors of 111909646.
2, 109, 513347
What are the prime factors of 1396373199?
3, 13, 35804441
What are the prime factors of 340183101?
3, 733, 154699
List the prime factors of 453925214.
2, 226962607
What are the prime factors of 50424287?
50424287
What are the prime factors of 269890278?
2, 3, 7, 31, 97, 2137
What are the prime factors of 202820883?
3, 67606961
What are the prime factors of 380500316?
2, 7, 23, 590839
What are the prime factors of 327816866?
2, 13, 73, 172717
List the prime factors of 3404536448.
2, 26597941
What are the prime factors of 229035619?
1031, 222149
What are the prime factors of 341830310?
2, 5, 89, 384079
What are the prime factors of 1802776716?
2, 3, 13, 193, 6653
List the prime factors of 1597915906.
2, 798957953
What are the prime factors of 596612780?
2, 5, 29830639
List the prime factors of 61424855.
5, 43, 285697
What are the prime factors of 151180472?
2, 23, 523, 1571
List the prime factors of 689670951.
3, 359, 640363
List the prime factors of 116612400.
2, 3, 5, 97177
List the prime factors of 61359396.
2, 3, 7, 730469
What are the prime factors of 3189921312?
2, 3, 61, 544727
List the prime factors of 2185119006.
2, 3, 7, 52026643
List the prime factors of 1330074998.
2, 7, 95005357
What are the prime factors of 2333712867?
3, 19, 40942331
List the prime factors of 259975914.
2, 3, 11, 103, 167, 229
What are the prime factors of 22900493?
7, 11, 42487
What are the prime factors of 20034809?
67, 299027
What are the prime factors of 50048577?
3, 29, 41, 1559
List the prime factors of 96927221.
23, 4214227
What are the prime factors of 58857633?
3, 59, 199, 557
List the prime factors of 694891923.
3, 11, 21057331
List the prime factors of 1286674.
2, 503, 1279
List the prime factors of 2496622890.
2, 3, 5, 17, 131, 37369
List the prime factors of 36450145.
5, 47, 109, 1423
What are the prime factors of 96923219?
23, 4214053
List the prime factors of 501142647.
3, 67, 919, 2713
What are the prime factors of 805261736?
2, 59, 1706063
What are the prime factors of 65880248?
2, 7, 1176433
List the prime factors of 14045025.
3, 5, 401, 467
What are the prime factors of 795878562?
2, 3, 17, 31, 251701
What are the prime factors of 35735142?
2, 3, 61, 163, 599
List the prime factors of 498335249.
19, 26228171
List the prime factors of 5593589051.
47, 8543, 13931
What are the prime factors of 72062840?
2, 5, 43, 41897
What are the prime factors of 83988745?
5, 2027, 8287
What are the prime factors of 135730504?
2, 7, 13, 37, 5039
List the prime factors of 115746204.
2, 3, 7, 1377931
What are the prime factors of 3359918975?
5, 7, 29, 271, 349
List the prime factors of 10664806.
2, 31, 37, 4649
List the prime factors of 15793060.
2, 5, 789653
List the prime factors of 1094471144.
2, 13, 10523761
List the prime factors of 2254215872.
2, 421, 83663
What are the prime factors of 358479225?
3, 5, 13, 122557
List the prime factors of 1004367580.
2, 5, 73, 687923
What are the prime factors of 865431611?
11, 5381, 14621
What are the prime factors of 41702536?
2, 47, 197, 563
List the prime factors of 17199297.
3, 23593
List the prime factors of 8907534754.
2, 431, 2063, 5009
What are the prime factors of 212738452?
2, 53184613
What are the prime factors of 247789556?
2, 7, 8849627
List the prime factors of 41270948.
2, 163, 63299
List the prime factors of 390640172.
2, 13, 7512311
List the prime factors of 2893455727.
227, 541, 23561
What are the prime factors of 2435315859?
3, 270590651
List the prime factors of 155307663.
3, 7, 2465201
What are the prime factors of 49403212?
2, 31, 239, 1667
List the prime factors of 4111826.
2, 523, 3931
What are the prime factors of 77048510?
2, 5, 7, 11, 47, 2129
What are the prime factors of 319530622?
2, 683, 233917
What are the prime factors of 177015642?
2, 3, 31, 951697
List the prime factors of 2045759088.
2, 3, 109, 391009
List the prime factors of 524555389.
347, 1511687
What are the prime factors of 1569300436?
2, 11, 35665919
List the prime factors of 110443163.
110443163
List the prime factors of 1897586546.
2, 17, 659, 84691
What are the prime factors of 267380318?
2, 17, 7864127
List the prime factors of 305758401.
3, 13, 7839959
What are the prime factors of 1959786177?
3, 653262059
List the prime factors of 205572159.
3, 13, 83, 21169
What are the prime factors of 352621302?
2, 3, 11, 5342747
List the prime factors of 47358856.
2, 29, 204133
What are the prime factors of 383045128?
2, 23, 307, 6781
What are the prime factors of 38204262?
2, 3, 2122459
What are the prime factors of 1971158037?
3, 657052679
List the prime factors of 23818266.
2, 3, 441079
What are the prime factors of 15282477?
3, 7, 73, 3323
What are the prime factors of 845454513?
3, 2161, 130411
List the prime factors of 152338686.
2, 3, 25389781
List the prime factors of 635283612.
2, 3, 547, 3226